2, 43, 109
Suppose -4*o = -5*x + 81, -o + 8*x = 4*x + 23. What are the prime factors of 58/((2*2)/(o - -21))?
29
Let b(c) = -c**3 - 3*c**2 + 11*c. Let u be b(-5). What are the prime factors of 1590 + (u + -3)/1?
2, 7, 113
Let h(x) = -x**3 + 24*x**2 - 35*x - 24. Let w be h(22). What are the prime factors of (1 - -2965)*87/w?
1483
Suppose -3*s - 41 = -47. Suppose 4*o = -4*m + 180, 85 = 2*m + s*o - 5*o. What are the prime factors of (0 - m/(-1))*7/7?
2, 11
Let b(u) = u**3 + 61*u**2 + 72*u + 34. What are the prime factors of b(-59)?
2, 3, 229
Let j = -185 + 179. Let d(y) = -13*y + 2. List the prime factors of d(j).
2, 5
Let h be -1 + (2 - 3) + (-4 - -6). Suppose 0 = -5*n - 2*b + 3386, -n + 5*b + h*b + 661 = 0. What are the prime factors of n?
2, 13
Let v = -344 - -500. Suppose -v*u = -160*u + 696. List the prime factors of u.
2, 3, 29
Let x be 3 - (-9 + 5) - 3/1. Suppose 380 = -5*f - 4*o - 452, -x*f - 680 = -4*o. Let a = f - -281. What are the prime factors of a?
113
Let x be (-115)/6 + 3/18. Let k(d) = d**2 + 7*d + 27. List the prime factors of k(x).
3, 5, 17
What are the prime factors of ((-2)/6)/(24 - (-19519370)/(-813306))?
10427
Let f be -7 - (192/6)/(-4). What are the prime factors of 26/(5*f/90)?
2, 3, 13
Suppose -116*z = -111*z + 925. Let j = z + 480. List the prime factors of j.
5, 59
Let w(y) = -y**2 - 6*y + 18. Let u be w(-8). Let q(l) = -12*l**3 - 4*l**2 + 3*l + 4. Let d be q(u). Let m = d + 143. What are the prime factors of m?
41
Suppose -28*h = -294*h + 4464449 + 6089101. List the prime factors of h.
3, 5, 23
Let r(t) = 101*t**2 + 23*t - 683. List the prime factors of r(14).
5, 13, 23
Let s(g) = 3 + 22*g - 32 + 974*g**3 - 972*g**3 - 11*g**2. What are the prime factors of s(6)?
139
Let w be ((-84)/6)/(((-32)/220)/(-4)). Let p = w - -1521. What are the prime factors of p?
2, 71
Suppose 4*k - 516 = k + 2*q, -4*q = 0. Let i = k - -193. Suppose -i = -6*w + 289. What are the prime factors of w?
109
Suppose -43*n + 239159 + 60938 = 0. What are the prime factors of n?
7, 997
Suppose 22 = -5*u + 207. Suppose -3*l + u + 17 = 0. List the prime factors of l.
2, 3
Suppose 18 = -2*r + 3*a + 13, 5*r - 1 = 3*a. List the prime factors of (-2619)/(-21) - ((-48)/21 + r).
5
Suppose -5*p = f - 43313, 3*p - 21353 = 4*f + 4644. List the prime factors of p.
8663
Let l(j) = 34 - 14 - 3*j - 5*j. Let g be l(5). What are the prime factors of ((-8)/g)/((-2)/(-190))?
2, 19
Let m be (-4)/9*18/(-4). Suppose 2 + 4 = m*d. Suppose -d*i = -i - 94. List the prime factors of i.
47
Let c(w) be the second derivative of w**4/6 + 23*w**3/3 + 17*w**2 - 4*w + 5. List the prime factors of c(-34).
2, 17, 23
Let c = 649 + -1333. Let d = 1115 + c. List the prime factors of d.
431
Suppose 38*a = -118*a + 6994572. What are the prime factors of a?
13, 3449
Let c(d) be the first derivative of 6*d**2 + 9 + 3*d + 3/4*d**4 - 16/3*d**3. List the prime factors of c(6).
3, 7
Suppose -j + 3*y = 6, 5*y - 6 = 4*j + 4. Suppose -4*d = 5*o - 918, j = 9*d - 4*d - 5*o - 1170. List the prime factors of d.
2, 29
Let f = 1781 + -1241. Let x be 3 + 5/(5/(-3)). Suppose x = -51*n + 55*n - f. What are the prime factors of n?
3, 5
Suppose g - 4500 = -3*r, 4*g - 14*r = -15*r + 17967. List the prime factors of g.
3, 499
Let b be (-58)/841 + (-90)/(-464) + 1710/16. Let l be (-4)/10 + (-164)/(-10). Let v = b + l. What are the prime factors of v?
3, 41
Let c be (-8 - (-8 - -3)) + 9. Suppose -c*h = -4*h - 2322. List the prime factors of h.
3, 43
Suppose 482121 - 2298635 = -38*l. List the prime factors of l.
7, 6829
Suppose -6*x = 13*x - 31882. Suppose x = -8*g + 5142. Suppose -6*z + 1415 + g = 0. What are the prime factors of z?
2, 7, 11
Let b = 23445 - -30692. List the prime factors of b.
43, 1259
Let w(o) = 30*o + 23. Let z be w(-5). Let f = z + 539. What are the prime factors of f?
2, 103
Let u = 12501 + -4299. What are the prime factors of u?
2, 3, 1367
Let p be ((-2)/(-6) - 14/6)*-1. Suppose -1 = p*c - 9. Suppose -72 = -c*z + 84. What are the prime factors of z?
3, 13
Let s(g) be the second derivative of -g**5/20 - 7*g**4/12 - 11*g**3/6 - 6*g**2 + g. Let p be (0 + 21/(-2))*22/33. List the prime factors of s(p).
5, 13
Let s(y) = 147*y + 13836. What are the prime factors of s(-82)?
2, 3, 11
Let i(t) = t**2 - 8*t - 67. Suppose -n + 15 = o, -3*n - o - 18 = -73. What are the prime factors of i(n)?
173
List the prime factors of 35/21 + 896820/18 - 0/2.
5, 1993
Let t(l) be the second derivative of -l**5/20 + 5*l**4/6 + 3*l**3/2 + 11*l**2 + 17*l. Let m = 67 - 57. List the prime factors of t(m).
2, 7
Let u = -38 - -833. Suppose z = 3*q + 2*q + u, 4*z - 3158 = -2*q. List the prime factors of z.
2, 5, 79
Suppose 0 = -78*n + 476881 + 417311. What are the prime factors of n?
2, 1433
Suppose 4*z = -o + 6, -16 = 7*z - 10*z + 5*o. Let a(d) = d**3 - 10*d**2 - 12*d + 12. Let g be a(11). List the prime factors of (z*g)/(16/32) + 27.
31
Suppose -q + 6597 = 2*n + 2015, 4*q = 16. Suppose 41*z - 34*z = n. List the prime factors of z.
3, 109
Let u(h) = -7*h**3 - 2*h**2 - 5*h - 2. Let k(n) = -2*n**3 + 1. Let y(t) = 4*k(t) + u(t). List the prime factors of y(-4).
2, 5, 19
Let g(a) = a**3 + 6*a**2 - 6*a - 6. Let f be g(-5). Let u = f - 46. Suppose -y + 5*t = u*t - 72, -333 = -5*y + t. What are the prime factors of y?
2, 3, 11
Let z = -280 + 847. Let j = 979 - z. What are the prime factors of j?
2, 103
Suppose 0*o - 3*o = 2*o. Suppose 7*t = -o*t. Suppose 0 = -4*m - t*m + 4*j + 404, -3*j - 12 = 0. List the prime factors of m.
97
Let o(w) = -3*w**3 - 24*w**2 - 112. What are the prime factors of o(-13)?
2423
Let n = 27 - 23. Suppose n*p = 131 + 53. Suppose -d + 142 - p = 2*l, -3*d + 286 = 4*l. What are the prime factors of d?
2, 47
Suppose -129207 = 54*n - 483771. What are the prime factors of n?
2, 7, 67
Suppose -5*p - 4*m = -27951, 4*m + 5433 + 5725 = 2*p. Suppose -7*l - 1709 + p = 0. What are the prime factors of l?
2, 277
Suppose -5*y - 4*m = -260790, -91*y + 87*y = -4*m - 208632. List the prime factors of y.
2, 3, 8693
Suppose -51 = 2*x - 31. Let o be (-1)/((-1)/(-1)) - (x + 58). Let r = o - -142. What are the prime factors of r?
3, 31
Let i = -140 + 337. Suppose -7*x + 3*x = -3*n + i, -3*x + 120 = 2*n. Suppose 0*q + n = q. List the prime factors of q.
3, 7
Let r be 41*(-5)/((-15)/9). Let i = 178 - r. What are the prime factors of (3 + i)*18/12?
3, 29
Let i be (-84*((-3)/6)/1)/(-1). Let j = i - -47. Suppose 2*t = j*u - 263, u - 5*t - 23 = 25. List the prime factors of u.
53
Let l(q) = 477*q + 306. List the prime factors of l(23).
3, 7, 179
Let v = -113 - -57. Let b be ((-434)/v)/((-1)/20). Let h = b + 230. List the prime factors of h.
3, 5
Suppose -30 = -4*h + 30. Let n be 28/h - (-14)/105 - -2. Let m(l) = 8*l**2 - 6*l - 4. List the prime factors of m(n).
2, 5
Suppose 3*b - 12 = 0, c + 3*c - b - 212 = 0. Let t = c - 54. Suppose -9*a - 346 + 1453 = t. What are the prime factors of a?
3, 41
Let i = -9927 - -14021. What are the prime factors of i?
2, 23, 89
Let w(q) = -8*q**2 - 30*q + 6. Let v be w(-4). List the prime factors of (-97300)/(-210) - v/3.
2, 29
Let d = -2454 + 4328. Let l = -944 + d. What are the prime factors of l?
2, 3, 5, 31
Let y(f) = -1025*f - 21. Let a(g) = -1017*g - 22. Let d(h) = 7*a(h) - 6*y(h). List the prime factors of d(-1).
941
Let z be (2/(-3))/((-6)/756). Let o be (6*z/(-8))/(-1). List the prime factors of 7/o + 862/18.
2, 3
Let o(r) = r - 1. Let g(t) = 9*t + 119. Let u(h) = 3*g(h) - 15*o(h). List the prime factors of u(0).
2, 3, 31
Let s = 2143 - -2654. List the prime factors of s.
3, 13, 41
Let b = -19 - 24. Let o = -41 - b. What are the prime factors of (128/10)/(o/10)?
2
Suppose -884107 = -234*u - 836700 + 7773341. List the prime factors of u.
2, 17, 983
Let m(y) = -80*y**3 + 17*y**2 + 15*y + 22. List the prime factors of m(-7).
2, 5, 2819
Suppose 9901 = 4*f - 303. List the prime factors of f.
2551
Let k = -82 - -81. What are the prime factors of 328/k*24/(-32)?
2, 3, 41
Let i(s) = 6*s - 93. Let u be i(15). Let j(t) = 2*t**3 - t**2 - t - 2. Let l be j(2). What are the prime factors of (u + 220/l)/((-4)/(-24))?
3, 7
Let s(r) = -144*r. Let b be s(1). Let q = 944 - 741. Let n = b + q. List the prime factors of n.
59
Let d(p) = -p**2 - 23*p. Let i = 24 - 22. Suppose -z - i*v = 15, -2*z + 5*v = 8 + 4. W